Calculate the highest common factor of u and r.
6
Let c = -2583 + 2604. Suppose -2*j - 4*t = -0*t - 940, -t = 0. Suppose -134 = 4*s - j. What is the highest common divisor of c and s?
21
Let o(z) = 7*z - 8. Let q = 65 - 63. Let s be o(q). What is the greatest common factor of s and 12?
6
Let w(o) be the first derivative of 2*o**3 - 2*o**2 - 6*o + 28. Let p be w(-3). What is the greatest common divisor of 80 and p?
20
Suppose 0 = 73*m - 29742 + 6090. What is the greatest common divisor of 144 and m?
36
Suppose 0 = -2*x - 8, -x = 5*w - 6*x - 30. Suppose 0 = -4*s + m + 1621, -436 = -w*s + 2*m + 376. What is the greatest common factor of s and 15?
15
Suppose m = 5*z - 217, 5*z - 5*m = 117 + 108. What is the highest common factor of 10148 and z?
43
Let a be (((-70)/25)/(-7))/(36/900). Calculate the greatest common divisor of 8420 and a.
10
Suppose -3*m + 200 = 53. Let a = -9 + m. What is the greatest common divisor of 240 and a?
40
Let o be 4219/7 + (-4)/(-14). Let m be (-21)/(-12)*234232/3059. What is the greatest common factor of o and m?
67
Suppose 425*m + 1638 = 467*m. What is the greatest common factor of 299 and m?
13
Suppose 72*m - 11*m - 854 = 0. What is the highest common factor of 794 and m?
2
Suppose 25 = j - 4*u - 379, -2*u - 400 = -j. Suppose -2*i = 3*i - 30. Calculate the greatest common divisor of j and i.
6
Suppose -4*u - 2*q = u + 585, -2*q = -4*u - 486. Let g = u - -172. Suppose 13 = -5*j + g. What is the highest common factor of j and 40?
8
Suppose -3*h + 14136 = -4*p - 26908, 2*p = -4*h + 54696. What is the highest common divisor of 52 and h?
52
Let n(d) = -34*d + 4360. Let g be n(120). Let p be (29 - 1)/((-3)/(-12)). What is the greatest common factor of p and g?
56
Let a be (17 + 1 - -6)*-21. Let g be a*(84/(-18) - -4). Calculate the highest common factor of 6 and g.
6
Let l(m) = 951*m**3 - 6*m + 1. Let w be l(2). What is the highest common factor of 71 and w?
71
Let h(d) = 6*d + 6. Let z be h(0). Suppose z*q = 10*q. Suppose q*n = -9*n + 135. What is the greatest common divisor of 3 and n?
3
Suppose 461120 = 74*z - 873840. What is the highest common factor of 10 and z?
10
Suppose 4*q - 335 = 3*r + 1291, -402 = -q + 3*r. What is the greatest common divisor of 51 and q?
51
Let b = -37084 - -37354. What is the highest common factor of b and 738?
18
Let h = -19898 + 20278. What is the highest common factor of 1280 and h?
20
Let p = 25433 - 25409. What is the greatest common divisor of p and 4888?
8
Let q(t) = t**3 - t**2 + t - 2. Let a be q(0). Suppose 0 = 8*r + 27*r + 105. Let g be a/3*(r + 2 - 32). Calculate the highest common divisor of g and 198.
22
Suppose 162*p - 160*p = -5*z + 194, -z = 3*p - 18. What is the greatest common factor of 497 and z?
7
Let o = 4206 - 4182. What is the greatest common factor of 6576 and o?
24
Let b = -243 - -296. Let h = 195 + 229. What is the highest common divisor of h and b?
53
Let k be ((-108)/(-15))/((-714)/70 + 11). What is the greatest common divisor of 3141 and k?
9
Let u = 77 - 22. Let n = -2 - -4. Suppose 0 = -n*y + 7*y - 25. Calculate the greatest common divisor of y and u.
5
Suppose 0 = -4*o + 133 - 109. Suppose 4 = -o*i + 8*i. Suppose -x - 2*c = -78, i*x + 2*c - 234 = -x. What is the greatest common factor of 6 and x?
6
Let c(z) = 6*z**2 + 187*z + 183. Let i be c(-40). Calculate the greatest common divisor of i and 98.
49
Let m = 269 - 252. Let b(s) = 14*s - 1. Let l be b(1). Suppose l*h + 68 = 17*h. Calculate the greatest common divisor of m and h.
17
Let h(g) = -94*g**3 + 3*g**2 + 3*g + 1. Let z be h(-1). Let w be 19/2*110/5. Calculate the greatest common factor of z and w.
19
Let v = -158 + 187. Let p(f) = f - 14. Let k be p(v). What is the highest common factor of k and 15?
15
Suppose 15 = -5*c - 5*l, -4*l - 12 + 15 = -c. Let i be (((-64)/(-8))/(-2))/(1/c). Suppose 3*x = 4*x - 132. What is the highest common divisor of i and x?
12
Suppose 3*h + h = -16. Let o(b) = 240512*b - 240522*b - 12 + 2. Let c be o(h). What is the greatest common factor of 10 and c?
10
Let j(m) = -1. Let k(v) = -v**2 + 2*v + 5. Let y(g) = -5*j(g) - k(g). Let f be y(6). Suppose -2*q + f = -0*q. What is the greatest common factor of 6 and q?
6
Let p = -196 + 212. Calculate the highest common factor of 2344 and p.
8
Let b be (-1)/11*-1 - 13933833/(-957). What is the greatest common divisor of b and 320?
160
Let r be (1590/4)/(-3)*(-8)/(9 - 5). What is the greatest common divisor of 3763 and r?
53
Let x(k) = k**2 + 95*k + 1857. Let b be x(-69). Suppose m + 24 = 3*m + 4*i, -2*m + 2*i = -30. Calculate the greatest common factor of m and b.
7
Let l be (-52)/8*(-648)/9. Suppose -16*m = -l - 1164. What is the highest common divisor of m and 153?
51
Suppose -t - 2*z + 107 = -1126, 0 = -5*t - 4*z + 6165. Suppose 4*h - 431 - t = 0. Calculate the greatest common factor of 26 and h.
26
Let v(g) = g**2 + 11*g + 18. Let s be v(-8). Let f = s + 68. Suppose 4*i + w - 94 = 0, 5*w = -0*i - 3*i + f. Calculate the greatest common factor of i and 216.
24
Let v = 1 + 74. Suppose 940 = 5*f - 4*o, -2*f + v + 303 = -2*o. Let m = 11 - -12. What is the highest common divisor of m and f?
23
Let u = 13581 + -13518. What is the highest common factor of u and 11088?
63
Suppose 2*w + 3 = 5*w. Let y be 64/w - 4/(-2). Let r(z) = -4888*z + 39126. Let i be r(8). What is the greatest common divisor of y and i?
22
Let l be (-120)/21 - (3 + (-38)/14). Let b = 18 + l. Suppose 3*n = n + 24. Calculate the greatest common factor of n and b.
12
Let t = -32 - -34. Let p be -2 + (t - (-2 - 2))*7. Calculate the greatest common divisor of 20 and p.
20
Let w = -3345 + 3548. What is the greatest common factor of w and 371?
7
Suppose 17*c - 20*c = 153. Let o = c + 48. Let i be 7*(-1)/(o/(18 - -3)). What is the greatest common divisor of 245 and i?
49
Let p(c) be the first derivative of 41*c**2/2 - 9*c - 10. Let i be p(9). Calculate the highest common divisor of 40 and i.
40
Let g = 82 + 3. Suppose 5*p + 5*i = 38 + 47, -5*p - 2*i + g = 0. What is the highest common divisor of p and 17?
17
Let a be ((-104)/39)/(3/(-27)*3). Calculate the highest common factor of a and 3816.
8
Let n be -10*11/((-33)/(-42)). Suppose -4*d + 5*i - 6 = 0, -7 = d - 0*d - 4*i. Let p be d/4 - n/16. What is the highest common divisor of p and 54?
9
Suppose 0 = 6*j - 6176 + 6170. What is the highest common divisor of j and 173?
1
Suppose -3*j = -l + 53, -17*l + 20*l = -12. Let m be (53*j/5)/(4/(-20)). What is the highest common divisor of 19 and m?
19
Suppose 0 = -5*u + 25, -2*j - 8*u + 50 = -6*u. What is the greatest common divisor of 10470 and j?
10
Suppose 34*i = 19431 - 17. Let f = i + -542. Calculate the greatest common divisor of 464 and f.
29
Let q be (-4)/(-3)*(-513744)/(-352). Calculate the highest common divisor of 98 and q.
14
Let y(p) = 7*p + 102. Let u be y(-13). Suppose 2*x = 9 + u. Calculate the highest common divisor of x and 135.
5
Let n = -32 - -10. Suppose 3*o - 5*d = 6*o + 180, -3*o - 159 = -2*d. Let a = n - o. What is the greatest common divisor of 231 and a?
33
Suppose -24*j + 3*t = -21*j - 321, 114 = j - 2*t. Let h = -301 - -651. What is the highest common divisor of h and j?
50
Let w be -1 + 297 + 1/(-1). Let b be 5/(-14)*2 + (-13256)/(-56). Calculate the highest common divisor of w and b.
59
Let a(f) = 25*f - 22. Let p be a(11). What is the greatest common divisor of 391 and p?
23
Suppose -4*w - o - 258 + 795 = 0, 0 = w - 4*o - 113. Calculate the greatest common divisor of w and 56.
7
Let w = 91 + 13. Let u(n) = 3*n + 1 + 2*n - n**2 + 4*n - 2*n. Let o be u(4). Calculate the highest common factor of w and o.
13
Let t be 2082 - ((-12)/(-3) + (-7)/((-21)/(-30))). Calculate the greatest common factor of t and 144.
72
Suppose 12148 = 118*y - 5696 - 5520. What is the greatest common divisor of y and 946?
22
Suppose -18*r + 2648 = -1330. What is the greatest common factor of r and 26?
13
Suppose 3*g = -5*z - 179, -9*g + 5*g = -4*z - 124. Let s be (-2)/4*(z - 0). What is the greatest common factor of 85 and s?
17
Suppose -4*t + 917 - 2729 = -3*j, 4*j + t - 2397 = 0. What is the highest common factor of 6 and j?
6
Suppose -9*h + 7230 = 2*w, -18*h = -20*h + 2*w + 1614. What is the highest common divisor of h and 12?
12
Suppose -6 + 18 = 6*r. Let v be (3 - 98/(-4))*r. Su